3598. Is d prime?
False
Let v(o) be the first derivative of 6*o**3 - 2*o**2 + 33*o + 44. Is v(-8) composite?
False
Suppose -5*v + 8*m + 279993 = 7*m, v - 3*m = 55993. Is v a composite number?
True
Suppose -58971 = -2*f - 11013. Is f composite?
True
Let y be (0/4 + 2)*(1 - 0). Suppose y*i - 811 + 47 = 0. Is i a composite number?
True
Let b be ((-2200)/32)/(2/(-8)). Let f = b + -1805. Is f/(-4) + (-4)/(-8) a composite number?
False
Let h(b) = 2*b - 2. Let u be h(-3). Let g be 75 + 0*4/u. Suppose 607 = 5*k - y, 2*y - g = k - 200. Is k composite?
True
Is 1/((-7)/(-237531)*3) a prime number?
True
Let t(c) = 424*c - 14. Let h(v) = 212*v - 7. Let x(w) = -7*h(w) + 4*t(w). Is x(7) composite?
True
Suppose -v - 4*j + 7407 = 0, -5*v = 5*j - 33064 - 3956. Is v a composite number?
True
Let i(o) = 3*o**2 - 13*o - 3. Let m be 28/(-3) - 1/(-3). Let c = m - -20. Is i(c) composite?
True
Let d = -358 - -651. Is d a prime number?
True
Let j be 6*7/(21/2). Suppose -j*r + 2052 = 4*q, 3*q - 1 + 13 = 0. Is r a composite number?
True
Suppose 2502 - 17272 = -4*h + 3*n, 2*h - 3*n - 7388 = 0. Is h a composite number?
False
Let f = 46116 - 17993. Is f prime?
True
Let c be -2*(51/(-6) + 4). Suppose -i = 4*z + c, 2*z + 5*i + 14 - 5 = 0. Is (z/6)/((-4)/1068) a composite number?
False
Let q = -1 - -6. Suppose -q*f + 5 = -5. Suppose -3 = f*l + 1, -5*s = -l - 232. Is s composite?
True
Suppose 2*h - 34224 = -5*i - 6327, 2*i - 2*h - 11170 = 0. Is i prime?
True
Suppose -5*a - 4*d + 4685 = -0*d, 4*a + d - 3748 = 0. Let k = a + -2084. Is 4/16 - k/4 composite?
True
Suppose -c + 9 + 2 = -5*s, -s - 2 = 0. Is (c + 42)*(-29)/(-1) a composite number?
True
Suppose 4*k - 24252 = 26792. Is k composite?
True
Let i be (1 - 3)*533/82. Let d be 1 - 1 - (-5 - -3). Is i/((-3)/138*d) a prime number?
False
Suppose y = -y + 3*y. Suppose 0 = -2*w + 5*w - n - 2366, y = -w + 3*n + 802. Is w composite?
False
Suppose 41403 - 8351 = 4*q. Is q prime?
True
Suppose -43*a - 27*a = -212590. Is a a composite number?
False
Suppose 3*g - 52557 = 3*d, g + 2*g = -3*d + 52557. Is g a prime number?
True
Let u(r) = r. Let c be u(3). Suppose c*b - 921 = 2*f + 1292, 2949 = 4*b - f. Is b a prime number?
False
Let p = 145 - 144. Is (p - (-10)/(-15)) + (-18456)/(-9) composite?
True
Let w(i) be the second derivative of i**3/6 - 7*i. Let t be w(3). Suppose -n + 5*r + 305 = 0, 0*r = t*n + 5*r - 915. Is n prime?
False
Let r(x) = 6*x**2 + 21*x - 31. Is r(14) a prime number?
True
Suppose 0 = p + 3*u - 8048, 4*p - 4*u - 25518 - 6626 = 0. Is p a prime number?
True
Let s = 122 - 59. Let a(x) = -165*x. Let r(o) = -2639*o. Let j(z) = s*a(z) - 4*r(z). Is j(1) a prime number?
False
Let z(j) = 13*j - 6. Let u(o) = o**2 - 8*o - 7. Let g be u(10). Let d = 18 - g. Is z(d) a composite number?
False
Let m = 7032 + 2161. Is m composite?
True
Let m be 44/(12/3) + 1. Is 11/(-66) - (-10790)/m composite?
True
Let n(m) = m**2 - 3*m + 1. Let q be n(4). Suppose -5*c + 60 = -k, -q*k = -6*k - 3*c - 20. Is 1 - k - (3 + 0) a composite number?
True
Let k = -71 - -137. Suppose 4012 = -62*g + k*g. Is g prime?
False
Suppose 24 = 4*g + 8. Is g/12*-677*-3 a prime number?
True
Suppose 2*r - 1374 = 626. Suppose 2*g = 4*n - r, 5*n + 4*g + 366 = 1629. Is n composite?
False
Let d = 33900 + -23611. Is d a composite number?
False
Let c = 28 + -18. Suppose c*d = 8*d. Suppose 5*h = 3*f + 704, 692 = 5*h - d*f + f. Is h a composite number?
False
Suppose 0 = 412*v - 388*v - 792168. Is v a composite number?
True
Is 2*(62*1948/16 + -1) a prime number?
False
Suppose 42*r = 43*r - 299. Let i be 18*(-48)/(1 - 2). Let g = i - r. Is g prime?
False
Let t be (-174)/(3/33*2). Is (3 + t/12)*-4 a composite number?
False
Let u(q) = -6*q + 2. Let s be u(5). Let i = -23 - s. Suppose 2*l + j - 832 = 0, -4*l + i*j + 1650 = -0*j. Is l prime?
False
Let s be (8/(-24))/(3/(-414)). Suppose 2*r - 3*r = -87. Suppose -s = -k + r. Is k a composite number?
True
Let l(q) = 3*q**2 - 4*q - 8. Let x = -6 - -21. Let u be l(x). Let c = u + -394. Is c a prime number?
False
Suppose 5*k = 8*k - 2*d - 247157, 164776 = 2*k + d. Is k composite?
False
Suppose -4*s - 9738 = -h, 0 = -2*h - 0*s + 5*s + 19479. Is h a prime number?
False
Suppose 3 = u, 0*u + 5*u - 402 = -3*k. Suppose -245 - k = -2*g. Is g composite?
True
Suppose 3*p + 7 = -0*p + 4*m, 1 = -5*p - 4*m. Suppose 0 = -l - 2 - 13. Is (-5)/l*p*-393 composite?
False
Let y(l) = -l**2 - 14*l + 8. Let p be y(-11). Let h = -66 + 18. Let a = p - h. Is a a composite number?
False
Let p be -2*12/8 - -6. Suppose -29 + 35 = p*b. Is 119/((-4)/(-8)*b) a composite number?
True
Suppose 4*q - 1255 + 12318 = 5*b, 4445 = 2*b + 5*q. Is b composite?
True
Suppose h = -62 + 221. Suppose -h - 2963 = -2*k. Is k a composite number?
True
Is (16/(-64))/(-2 + 68526/34264) a prime number?
True
Let x(z) = z**2 + 5*z + 16. Let h be x(-4). Let i(t) = 13*t - 29. Is i(h) a prime number?
True
Let l = -39 + 39. Suppose 0 = -3*t - l*t + 2454. Is t composite?
True
Suppose 21668 = 5*g - y - 25018, 46690 = 5*g - 5*y. Is g a composite number?
False
Let c be 6/((-18)/(-15)) + 1438. Let m = c - -4538. Is m prime?
True
Suppose v - 4*j - 355 = -2*v, j + 569 = 5*v. Is v composite?
False
Let g be 0 + -3 - (-9)/(-9). Let h = g + 27. Is h prime?
True
Let d = -10 - -17. Suppose 0 = d*t - 4*t - 6. Suppose -7*v + t*v + 1005 = 0. Is v prime?
False
Suppose 41*x - 45378 = 35*x. Is x composite?
True
Let r(c) = 146*c**2 - 3*c - 4. Let b(p) = p**2 - 18*p - 2. Let v be b(18). Is r(v) a composite number?
True
Let s(w) = w - 5. Let l be s(0). Is (4/l)/((-12)/2910) a composite number?
True
Let x(s) be the first derivative of 2*s**2 - 3. Let q be x(1). Suppose t - 99 = -h, -222 = -t - t + q*h. Is t prime?
True
Suppose 0 = v - 2*d - 13322, -2*v + 3*d + 8854 = -17793. Suppose -7*q - 3115 = -v. Is q a prime number?
True
Suppose -188320 = -5*c + 226885. Is c prime?
False
Let l(m) = -2*m**2 - 2*m - 3. Let k(j) = -2*j**2 - 8*j - 3. Let p be k(-4). Let z be l(p). Is (6/z)/(1/(-185)) a composite number?
True
Let h = 31 + -27. Suppose -h*v - 1041 = -u, 2*v = 1 + 3. Is u prime?
True
Let t(x) = x**2 + 2. Let o be t(0). Suppose 251 = -w + o*w. Is w composite?
False
Suppose h = -z - z + 4, -5 = -h - 3*z. Let f be 77/14*17*h. Let g = f - -52. Is g composite?
False
Suppose 16 = 3*n - 2. Is 14550/n + (2 - 4) prime?
True
Suppose 3*h = 5*t - 562549, 537805 + 24758 = 5*t + 4*h. Is t composite?
True
Suppose 0 = 5*j - o - 49, o + 36 = 3*j + 7. Let l = j - 7. Suppose l*h - 509 = -4*g, 0 = 2*g - h + 6*h - 237. Is g prime?
True
Let k be (-1)/((-396)/100 - -4). Is (-11135)/k + (-8)/20 prime?
False
Let o(a) = 184*a**2 - 22*a - 169. Is o(-8) composite?
False
Let s(w) be the first derivative of 55*w**3/6 + 3*w**2/2 + 2*w + 1. Let m(p) be the first derivative of s(p). Is m(4) a prime number?
True
Let l be (-2)/2 - 291/(-3). Let r be 2/(-2 + 0) + 6/(-1). Let o = l + r. Is o prime?
True
Let r be (7 + -9 + (-24441)/(-12))*4. Is r/7 + (12/21)/2 a prime number?
True
Suppose -4*s - 56 = -48. Let l(w) = 852*w**2 + 4*w + 7. Is l(s) composite?
False
Let n be (-6)/9*7617/(-2) - 2. Suppose 805 + n = 6*f. Is f a composite number?
False
Is ((-8)/(-4) + -1)*721 prime?
False
Let p = 24 + -21. Suppose p*j + 4*t = 303, -j - 3*t - 379 = -5*j. Suppose j = b - 0. Is b a prime number?
True
Suppose 4*b - 583 = 317. Let q be b/54 - 2/12. Suppose -n = -4*l - 255, -5*n - l = -q*n - 265. Is n composite?
False
Let g(b) = 4*b - 5. Let w be g(5). Let v(z) = -55*z - 99. Let h be v(-12). Suppose -w*a = -12*a - h. Is a a composite number?
True
Let j = 1259 - -920. Is j prime?
True
Let x be -2*4*9/(-9). Suppose 4*s + 0 - x = 0. Suppose -s*j + 6 = 0, -2*o + 179 = 3*j + 2*j. Is o composite?
True
Suppose -68*g + 38*g + 762270 = 0. Is g composite?
False
Let p be (24/10)/((-12)/(-30)). Suppose 4442 = p*q + 1316. Is q composite?
False
Let s(f) = -186*f**3 - 2*f**2 + f - 14. Is s(-3) composite?
False
Suppose -4*c + b = 2*b - 42548, 5*c - 5*b - 53185 = 0. Is c a composite number?
True
Let g be (-2585)/(-9) + 14/(-63). Let w be (-18)/(-3)*(-146)/6. Let b = g + w. Is b a composite number?
True
Let p be 0 - 1 - (-9)/3. Suppose p*y + 2*w + 10 = 0, 4*y + w + 6 = 4*w. Let v(z) = 2*z**2 - 5*z - 2. Is v(y) composite?
False
Let o = -360 - -509. Let f = 1130 + o. Is f prime?
True
Let k be -1*